{"id":3,"date":"2026-03-12T20:16:40","date_gmt":"2026-03-12T20:16:40","guid":{"rendered":"http:\/\/lerefuge-soinsholistiques.be\/?page_id=3"},"modified":"2026-05-11T11:44:40","modified_gmt":"2026-05-11T09:44:40","slug":"privacy-policy","status":"publish","type":"page","link":"https:\/\/lerefuge-soinsholistiques.be\/?page_id=3","title":{"rendered":"Soins humains"},"content":{"rendered":"<div class=\"wp-block-image\">\n<figure class=\"aligncenter size-large is-resized\"><img loading=\"lazy\" decoding=\"async\" width=\"849\" height=\"1024\" src=\"http:\/\/lerefuge-soinsholistiques.be\/wp-content\/uploads\/2026\/03\/Logo-Fab1-849x1024.png\" alt=\"\" class=\"wp-image-107\" style=\"aspect-ratio:0.8291178285009253;width:87px;height:auto\" srcset=\"https:\/\/lerefuge-soinsholistiques.be\/wp-content\/uploads\/2026\/03\/Logo-Fab1-849x1024.png 849w, https:\/\/lerefuge-soinsholistiques.be\/wp-content\/uploads\/2026\/03\/Logo-Fab1-249x300.png 249w, https:\/\/lerefuge-soinsholistiques.be\/wp-content\/uploads\/2026\/03\/Logo-Fab1-768x927.png 768w, https:\/\/lerefuge-soinsholistiques.be\/wp-content\/uploads\/2026\/03\/Logo-Fab1-1273x1536.png 1273w, https:\/\/lerefuge-soinsholistiques.be\/wp-content\/uploads\/2026\/03\/Logo-Fab1-1140x1376.png 1140w, https:\/\/lerefuge-soinsholistiques.be\/wp-content\/uploads\/2026\/03\/Logo-Fab1.png 1523w\" sizes=\"auto, (max-width: 849px) 100vw, 849px\" \/><\/figure>\n<\/div>\n\n<div class=\"wp-block-image\">\n<figure class=\"aligncenter size-large is-resized\"><img loading=\"lazy\" decoding=\"async\" width=\"1024\" height=\"576\" src=\"https:\/\/lerefuge-soinsholistiques.be\/wp-content\/uploads\/2026\/03\/IMG_20260326_122301-1024x576.jpg\" alt=\"\" class=\"wp-image-319\" style=\"aspect-ratio:1.7770725902419675;width:446px;height:auto\" srcset=\"https:\/\/lerefuge-soinsholistiques.be\/wp-content\/uploads\/2026\/03\/IMG_20260326_122301-1024x576.jpg 1024w, https:\/\/lerefuge-soinsholistiques.be\/wp-content\/uploads\/2026\/03\/IMG_20260326_122301-300x169.jpg 300w, https:\/\/lerefuge-soinsholistiques.be\/wp-content\/uploads\/2026\/03\/IMG_20260326_122301-768x432.jpg 768w, https:\/\/lerefuge-soinsholistiques.be\/wp-content\/uploads\/2026\/03\/IMG_20260326_122301-1536x864.jpg 1536w, https:\/\/lerefuge-soinsholistiques.be\/wp-content\/uploads\/2026\/03\/IMG_20260326_122301-2048x1152.jpg 2048w, https:\/\/lerefuge-soinsholistiques.be\/wp-content\/uploads\/2026\/03\/IMG_20260326_122301-1140x642.jpg 1140w\" sizes=\"auto, (max-width: 1024px) 100vw, 1024px\" \/><\/figure>\n<\/div>\n\n\n<p>Les soins propos\u00e9s s&#8217;adressent \u00e0 toute personne, enfant comme adulte, et pour <em>tout type de probl\u00e9matique<\/em> (physique et psychologique).<\/p>\n\n\n\n<p>Comme dit pr\u00e9c\u00e9demment, diff\u00e9rentes approches sont propos\u00e9es :<\/p>\n\n\n\n<ul class=\"wp-block-list\">\n<li>\ud83c\udf3f Kin\u00e9sith\u00e9rapie<\/li>\n\n\n\n<li>\ud83c\udf3f Soins holistiques<\/li>\n\n\n\n<li>\ud83c\udf3f R\u00e9flexologie plantaire<\/li>\n\n\n\n<li>\ud83c\udf3f Accompagnement d&#8217;exposition au froid personnalis\u00e9 en pleine nature <\/li>\n<\/ul>\n\n\n\n<p>1. KINESITHERAPIE<\/p>\n\n\n\n<p>La kin\u00e9sith\u00e9rapie est une discipline de sant\u00e9 qui vise \u00e0 restaurer, am\u00e9liorer ou maintenir les capacit\u00e9s physiques du corps. Elle utilise des techniques comme les exercices, les mobilisations et les massages pour soulager la douleur et favoriser la r\u00e9cup\u00e9ration. Elle s\u2019adresse \u00e0 toute personne ayant des troubles musculaires, articulaires, respiratoires ou neurologiques.<br><br>2. SOINS HOLISTIQUES<\/p>\n\n\n\n<p>L&#8217;approche holistique prend en compte la globalit\u00e9 de l&#8217;\u00eatre humain,  au travers de ses diff\u00e9rents aspects : le <strong>corps<\/strong>, le <strong>mental <\/strong>et l\u2019<strong>\u00e2me<\/strong>.<\/p>\n\n\n\n<p>Chaque soin est ancr\u00e9 dans le moment <strong>pr\u00e9sent<\/strong>, <strong>ajust\u00e9<\/strong>, <strong>adapt\u00e9 <\/strong>et <strong>diff\u00e9rent <\/strong>pour chacun. Il comprend \u00e0 la fois un soin \u00e9nerg\u00e9tique verbal et un soin physique global. Il s\u2019agit toujours d\u2019<strong>\u00e9couter\/suivre<\/strong> votre \u00e9nergie et votre <strong>mouvement int\u00e9rieur<\/strong>, sans jamais me positionner en tant que \u201ccelui qui sait\u201d, tout en sachant que tout est consign\u00e9 dans le corps, qui ne ment jamais.<\/p>\n\n\n\n<p style=\"font-size:15px\">\ud83d\udc49 Diff\u00e9rents <strong>outils <\/strong>peuvent \u00eatre utilis\u00e9s : des techniques de kin\u00e9sith\u00e9rapie et de th\u00e9rapie manuelle, la visualisation, les soins chamaniques (tambour notamment), la r\u00e9flexologie plantaire, les techniques de kin\u00e9siologie, le chant, le bol tib\u00e9tain, les fleurs de Bach, les min\u00e9raux, des techniques d\u2019acupressure, la sophrologie, des temps d\u2019ancrage, \u2026<\/p>\n\n\n\n<p>3. REFLEXOLOGIE PLANTAIRE<\/p>\n\n\n\n<p>La r\u00e9flexologie plantaire est une technique de massage des pieds bas\u00e9e sur la stimulation de zones r\u00e9flexes correspondant aux diff\u00e9rentes parties du corps. L&#8217;objectif est de favoriser la d\u00e9tente g\u00e9n\u00e9rale, am\u00e9liorer la circulation et soutenir l\u2019\u00e9quilibre global de l\u2019organisme, ou plus sp\u00e9cifiquement travailler sur des douleurs de tout type, tant physiques que psychologiques&#8230; <\/p>\n\n\n\n<p>Il s&#8217;agit clairement d&#8217;une technique douce qui peut permettre de soulager le stress et favoriser le bien-\u00eatre physique et \u00e9motionnel global.<\/p>\n\n\n\n<p>4. ACCOMPAGNEMENT EXPOSITION FROID EN PLEINE NATURE<\/p>\n\n\n\n<p>Ce moment de rituel et de rencontre avec soi-m\u00eame se fait dans le but de s&#8217;explorer et se d\u00e9couvrir int\u00e9rieurement au travers d&#8217;une marche consciente, un &#8220;bain&#8221; froid en rivi\u00e8re et des techniques de respiration. <\/p>\n\n\n\n<p style=\"font-size:32px\">D\u00e9roulement d&#8217;une s\u00e9ance <\/p>\n\n\n\n<p>Nous prenons d\u2019abord un moment pour \u00e9changer sur vos <strong>besoins et demandes <\/strong>du moment. Vous vous installez ensuite confortablement (vous restez habill\u00e9(e)), et je vous accompagne \u00e0 travers le <strong>soin<\/strong> choisi. <\/p>\n\n\n\n<p>En fonction de ce qui est demand\u00e9 et ce qui doit prendre sa place pendant une s\u00e9ance, les soins peuvent davantage s&#8217;orienter vers la structure corporelle, les \u00e9motions, les croyances, les m\u00e9moires, les liens transg\u00e9n\u00e9rationnels, l&#8217;ancrage, la circulation \u00e9nerg\u00e9tique, &#8230; L&#8217;objectif est de rester centr\u00e9 sur vous, tout en ayant conscience que les outils th\u00e9rapeutiques dont je dispose peuvent \u00eatre utilis\u00e9s au sein d&#8217;une m\u00eame s\u00e9ance.<\/p>\n\n\n\n<p>\ud83e\udd0d Chaque moment de soin est <strong>unique<\/strong> et <strong>adapt\u00e9 <\/strong>\u00e0 vos besoins du moment, dans le <strong>respect <\/strong>de votre <strong>rythme<\/strong>.<\/p>\n\n\n\n<p style=\"font-size:32px\">Pour quel type de difficult\u00e9 ?<\/p>\n\n\n\n<p>Pour vous, enfant comme adulte si vous ressentez : <\/p>\n\n\n\n<p style=\"font-size:15px\">\ud83c\udf3fBlocage physique ou psychologique de tout type<br>\ud83c\udf3fDouleurs de tout type<br>\ud83c\udf3fStress ou une surcharge mentale<br>\ud83c\udf3fFatigue \u00e9motionnelle ou physique<br>\ud83c\udf3fDifficult\u00e9s \u00e0 l\u00e2cher prise<br>\ud83c\udf3fBesoin de vous recentrer, vous transformer int\u00e9rieurement<br>\ud83c\udf3fEnvie de prendre un moment rien que pour vous<br>\ud83c\udf3fSe reconnecter profond\u00e9ment \u00e0 vous-m\u00eame<br>\ud83c\udf3fTroubles du sommeil<\/p>\n\n\n\n<p style=\"font-size:32px\"><br>Bienfaits <\/p>\n\n\n\n<p>Apr\u00e8s les soins, vous pourrez ressentir : <\/p>\n\n\n\n<ul style=\"font-size:15px\" class=\"wp-block-list\">\n<li style=\"font-size:15px\">\ud83c\udf3f Conscientisation : vous aide \u00e0 mieux vous (re)conna\u00eetre<\/li>\n\n\n\n<li style=\"font-size:15px\">\ud83c\udf3f Apaisement : diminution des douleurs\/inconforts physiques\/mentaux<\/li>\n\n\n\n<li>\ud83c\udf3f Clart\u00e9 mentale<\/li>\n\n\n\n<li style=\"font-size:15px\">\ud83c\udf3f Sensation de circulation d&#8217;\u00e9nergie : en corrigeant les \u201cd\u00e9sordres\u201d musculo-squelettiques et \u00e9nerg\u00e9tiques<\/li>\n\n\n\n<li style=\"font-size:15px\">\ud83c\udf3f Evolution\/transformation d&#8217;espaces en vous<\/li>\n\n\n\n<li style=\"font-size:15px\">\ud83c\udf3f Apaisement du syst\u00e8me nerveux, offrant la possibilit\u00e9 de retrouver une libert\u00e9 de mouvement dans son espace int\u00e9rieur<\/li>\n\n\n\n<li style=\"font-size:15px\">\ud83c\udf3f Autonomisation au travers d&#8217;outils concrets \u00e0 utiliser quotidiennement<\/li>\n<\/ul>\n\n\n\n<p style=\"font-size:32px\"><\/p>\n\n\n\n<p style=\"font-size:32px\">Suivi <\/p>\n\n\n\n<p style=\"font-size:15px\">A la fin d&#8217;une s\u00e9ance, des <strong>outils<\/strong>\/<strong>rituels<\/strong>\/<strong>moyens <\/strong>concrets d\u2019action vous sont propos\u00e9s afin que vous puissiez devenir plus <strong>autonome<\/strong>, vous <strong>responsabiliser <\/strong>et auto-entretenir votre <strong>bien-\u00eatre<\/strong>, si tel est votre choix. <\/p>\n\n\n\n<p>Dans ce <strong>processus<\/strong>, vous \u00eates le <strong>ma\u00eetre de vous-m\u00eame<\/strong>. <\/p>\n\n\n\n<p><\/p>\n\n\n\n<p style=\"font-size:32px\">Dur\u00e9e<\/p>\n\n\n\n<p style=\"font-size:15px\">Une s\u00e9ance dure entre <strong>45-60&#8242;<\/strong>.<\/p>\n\n\n\n<p><\/p>\n\n\n\n<p style=\"font-size:32px\">Tarifs<\/p>\n\n\n\n<p>\ud83c\udf3f Soins de kin\u00e9sith\u00e9rapie : prix bas\u00e9s sur les normes dict\u00e9es par l&#8217;Inami. <\/p>\n\n\n\n<p>\ud83c\udf3f Soins holistiques : <\/p>\n\n\n\n<ul class=\"wp-block-list\">\n<li>80\u20ac pour la premi\u00e8re s\u00e9ance (qui de fa\u00e7on g\u00e9n\u00e9rale dure 1h-1h30) et 65\u20ac pour la ou les suivante(s) selon la n\u00e9cessit\u00e9.<\/li>\n<\/ul>\n\n\n\n<p>\ud83c\udf3f R\u00e9flexologie plantaire : <\/p>\n\n\n\n<ul class=\"wp-block-list\">\n<li>65\u20ac <\/li>\n<\/ul>\n\n\n\n<p>\ud83c\udf3f Accompagnement personnalis\u00e9 en pleine nature<\/p>\n\n\n\n<p>100\u20ac pour une dur\u00e9e de 1h30<\/p>\n\n\n\n<p><\/p>\n\n\n\n<p><\/p>\n\n\n\n<p style=\"font-size:15px\">Les s\u00e9ances s\u2019adressent \u00e0 tout un chacun, <strong>enfants <\/strong>comme <strong>adultes<\/strong>, et <strong>peu importe la probl\u00e9matique ou le blocage<\/strong>.<\/p>\n\n\n\n<p><\/p>\n\n\n\n<p style=\"font-size:15px\"><em>Remarque <\/em>: les soins holistiques peuvent \u00e9galement se faire \u00e0 distance. Dans ce cas, le prix est de 80\u20ac. <\/p>\n\n\n\n<p><\/p>\n\n\n\n<p><\/p>\n\n\n\n<div class=\"wp-block-buttons has-custom-font-size has-small-font-size is-content-justification-center is-layout-flex wp-container-core-buttons-is-layout-a89b3969 wp-block-buttons-is-layout-flex\" style=\"font-style:normal;font-weight:400\">\n<div class=\"wp-block-button is-style-outline is-style-outline--1\"><a class=\"wp-block-button__link has-text-color has-link-color wp-element-button\" href=\"https:\/\/wa.me\/32498657657?text=Bonjour%20je%20souhaite%20prendre%20rendez-vous\" style=\"color:#ee3e2c\">Je prends rendez-vous<\/a><\/div>\n<\/div>\n\n\n\n<p class=\"has-medium-font-size\"><\/p>\n\n\n\n<p style=\"font-size:32px\">T\u00e9moignages <\/p>\n\n\n\n<p><\/p>\n\n\n\n<p class=\"has-text-align-center\">&#8220;<em>Apr\u00e8s un grave traumatisme cr\u00e2nien, j&#8217;avais tout perdu. Puis, la vie m&#8217;a fait un beau cadeau : la rencontre avec Fabien, qui m&#8217;accompagne pour recr\u00e9er un nouveau chemin, pour soulager la douleur et retrouver la confiance en moi. Apr\u00e8s les s\u00e9ances, je me sens ressourc\u00e9e, apais\u00e9e&#8230; Quelle magnifique rencontre, merci Fabien, merci la vie !<\/em>&#8220;<\/p>\n\n\n\n<p class=\"has-text-align-right\">C\u00e9cile <\/p>\n\n\n\n<p class=\"has-text-align-center\"><em>&#8220;Quelle aventure ! Apr\u00e8s tant d&#8217;ann\u00e9es, toujours dans la recherche de ce qui peut \u00eatre am\u00e9lior\u00e9, transform\u00e9, savour\u00e9, jamais dans le jugement et toujours dans l&#8217;accompagnement. Pas de pr\u00e9dictions, pas de contr\u00f4le, pas d&#8217;emprise et probablement l&#8217;une des plus belles exp\u00e9riences de la vie : le l\u00e2cher prise pour se retrouver dans la justesse. Merci !&#8221;<\/em><\/p>\n\n\n\n<p class=\"has-text-align-right\">Katya<\/p>\n\n\n\n<p><\/p>\n","protected":false},"excerpt":{"rendered":"<p>Les soins propos\u00e9s s&#8217;adressent \u00e0 toute personne, enfant comme adulte, et pour tout type de probl\u00e9matique (physique et psychologique). Comme dit pr\u00e9c\u00e9demment, diff\u00e9rentes approches sont propos\u00e9es : 1. KINESITHERAPIE La kin\u00e9sith\u00e9rapie est une discipline de sant\u00e9 qui vise \u00e0 restaurer, am\u00e9liorer ou maintenir les capacit\u00e9s physiques du corps. Elle utilise des techniques comme les exercices, les mobilisations et les massages pour soulager la douleur et favoriser la r\u00e9cup\u00e9ration. Elle s\u2019adresse \u00e0 toute personne ayant des troubles musculaires, articulaires, respiratoires ou neurologiques. 2. SOINS HOLISTIQUES L&#8217;approche holistique prend en compte la globalit\u00e9 de l&#8217;\u00eatre humain, au travers de ses diff\u00e9rents aspects : le corps, le mental et l\u2019\u00e2me. Chaque soin est ancr\u00e9 dans le moment pr\u00e9sent, ajust\u00e9, adapt\u00e9 et diff\u00e9rent pour chacun. Il comprend \u00e0 la fois un soin \u00e9nerg\u00e9tique verbal et un soin physique global. Il s\u2019agit toujours d\u2019\u00e9couter\/suivre votre \u00e9nergie et votre mouvement int\u00e9rieur, sans jamais me positionner en tant que \u201ccelui qui sait\u201d, tout en sachant que tout est consign\u00e9 dans le corps, qui ne ment jamais. \ud83d\udc49 Diff\u00e9rents outils peuvent \u00eatre utilis\u00e9s : des techniques de kin\u00e9sith\u00e9rapie et de th\u00e9rapie manuelle, la visualisation, les soins chamaniques (tambour notamment), la r\u00e9flexologie plantaire, les techniques de kin\u00e9siologie, le chant, le bol tib\u00e9tain, les fleurs de Bach, les min\u00e9raux, des techniques d\u2019acupressure, la sophrologie, des temps d\u2019ancrage, \u2026 3. REFLEXOLOGIE PLANTAIRE La r\u00e9flexologie plantaire est une technique de massage des pieds bas\u00e9e sur la stimulation de zones r\u00e9flexes correspondant aux diff\u00e9rentes parties du corps. L&#8217;objectif est de favoriser la d\u00e9tente g\u00e9n\u00e9rale, am\u00e9liorer la circulation et soutenir l\u2019\u00e9quilibre global de l\u2019organisme, ou plus sp\u00e9cifiquement travailler sur des douleurs de tout type, tant physiques que psychologiques&#8230; Il s&#8217;agit clairement d&#8217;une technique douce qui peut permettre de soulager le stress et favoriser le bien-\u00eatre physique et \u00e9motionnel global. 4. ACCOMPAGNEMENT EXPOSITION FROID EN PLEINE NATURE Ce moment de rituel et de rencontre avec soi-m\u00eame se fait dans le but de s&#8217;explorer et se d\u00e9couvrir int\u00e9rieurement au travers d&#8217;une marche consciente, un &#8220;bain&#8221; froid en rivi\u00e8re et des techniques de respiration. D\u00e9roulement d&#8217;une s\u00e9ance Nous prenons d\u2019abord un moment pour \u00e9changer sur vos besoins et demandes du moment. Vous vous installez ensuite confortablement (vous restez habill\u00e9(e)), et je vous accompagne \u00e0 travers le soin choisi. En fonction de ce qui est demand\u00e9 et ce qui doit prendre sa place pendant une s\u00e9ance, les soins peuvent davantage s&#8217;orienter vers la structure corporelle, les \u00e9motions, les croyances, les m\u00e9moires, les liens transg\u00e9n\u00e9rationnels, l&#8217;ancrage, la circulation \u00e9nerg\u00e9tique, &#8230; L&#8217;objectif est de rester centr\u00e9 sur vous, tout en ayant conscience que les outils th\u00e9rapeutiques dont je dispose peuvent \u00eatre utilis\u00e9s au sein d&#8217;une m\u00eame s\u00e9ance. \ud83e\udd0d Chaque moment de soin est unique et adapt\u00e9 \u00e0 vos besoins du moment, dans le respect de votre rythme. Pour quel type de difficult\u00e9 ? Pour vous, enfant comme adulte si vous ressentez : \ud83c\udf3fBlocage physique ou psychologique de tout type\ud83c\udf3fDouleurs de tout type\ud83c\udf3fStress ou une surcharge mentale\ud83c\udf3fFatigue \u00e9motionnelle ou physique\ud83c\udf3fDifficult\u00e9s \u00e0 l\u00e2cher prise\ud83c\udf3fBesoin de vous recentrer, vous transformer int\u00e9rieurement\ud83c\udf3fEnvie de prendre un moment rien que pour vous\ud83c\udf3fSe reconnecter profond\u00e9ment \u00e0 vous-m\u00eame\ud83c\udf3fTroubles du sommeil Bienfaits Apr\u00e8s les soins, vous pourrez ressentir : Suivi A la fin d&#8217;une s\u00e9ance, des outils\/rituels\/moyens concrets d\u2019action vous sont propos\u00e9s afin que vous puissiez devenir plus autonome, vous responsabiliser et auto-entretenir votre bien-\u00eatre, si tel est votre choix. Dans ce processus, vous \u00eates le ma\u00eetre de vous-m\u00eame. Dur\u00e9e Une s\u00e9ance dure entre 45-60&#8242;. Tarifs \ud83c\udf3f Soins de kin\u00e9sith\u00e9rapie : prix bas\u00e9s sur les normes dict\u00e9es par l&#8217;Inami. \ud83c\udf3f Soins holistiques : \ud83c\udf3f R\u00e9flexologie plantaire : \ud83c\udf3f Accompagnement personnalis\u00e9 en pleine nature 100\u20ac pour une dur\u00e9e de 1h30 Les s\u00e9ances s\u2019adressent \u00e0 tout un chacun, enfants comme adultes, et peu importe la probl\u00e9matique ou le blocage. Remarque : les soins holistiques peuvent \u00e9galement se faire \u00e0 distance. Dans ce cas, le prix est de 80\u20ac. T\u00e9moignages &#8220;Apr\u00e8s un grave traumatisme cr\u00e2nien, j&#8217;avais tout perdu. Puis, la vie m&#8217;a fait un beau cadeau : la rencontre avec Fabien, qui m&#8217;accompagne pour recr\u00e9er un nouveau chemin, pour soulager la douleur et retrouver la confiance en moi. Apr\u00e8s les s\u00e9ances, je me sens ressourc\u00e9e, apais\u00e9e&#8230; Quelle magnifique rencontre, merci Fabien, merci la vie !&#8220; C\u00e9cile &#8220;Quelle aventure ! Apr\u00e8s tant d&#8217;ann\u00e9es, toujours dans la recherche de ce qui peut \u00eatre am\u00e9lior\u00e9, transform\u00e9, savour\u00e9, jamais dans le jugement et toujours dans l&#8217;accompagnement. Pas de pr\u00e9dictions, pas de contr\u00f4le, pas d&#8217;emprise et probablement l&#8217;une des plus belles exp\u00e9riences de la vie : le l\u00e2cher prise pour se retrouver dans la justesse. Merci !&#8221; Katya<\/p>\n","protected":false},"author":1,"featured_media":0,"parent":0,"menu_order":0,"comment_status":"closed","ping_status":"open","template":"","meta":{"footnotes":""},"class_list":["post-3","page","type-page","status-publish","hentry"],"_links":{"self":[{"href":"https:\/\/lerefuge-soinsholistiques.be\/index.php?rest_route=\/wp\/v2\/pages\/3","targetHints":{"allow":["GET"]}}],"collection":[{"href":"https:\/\/lerefuge-soinsholistiques.be\/index.php?rest_route=\/wp\/v2\/pages"}],"about":[{"href":"https:\/\/lerefuge-soinsholistiques.be\/index.php?rest_route=\/wp\/v2\/types\/page"}],"author":[{"embeddable":true,"href":"https:\/\/lerefuge-soinsholistiques.be\/index.php?rest_route=\/wp\/v2\/users\/1"}],"replies":[{"embeddable":true,"href":"https:\/\/lerefuge-soinsholistiques.be\/index.php?rest_route=%2Fwp%2Fv2%2Fcomments&post=3"}],"version-history":[{"count":65,"href":"https:\/\/lerefuge-soinsholistiques.be\/index.php?rest_route=\/wp\/v2\/pages\/3\/revisions"}],"predecessor-version":[{"id":523,"href":"https:\/\/lerefuge-soinsholistiques.be\/index.php?rest_route=\/wp\/v2\/pages\/3\/revisions\/523"}],"wp:attachment":[{"href":"https:\/\/lerefuge-soinsholistiques.be\/index.php?rest_route=%2Fwp%2Fv2%2Fmedia&parent=3"}],"curies":[{"name":"wp","href":"https:\/\/api.w.org\/{rel}","templated":true}]}}