{"id":74,"date":"2026-03-23T13:49:08","date_gmt":"2026-03-23T13:49:08","guid":{"rendered":"https:\/\/lerefuge-soinsholistiques.be\/?page_id=74"},"modified":"2026-04-21T20:27:52","modified_gmt":"2026-04-21T18:27:52","slug":"soins-animaliers-2","status":"publish","type":"page","link":"https:\/\/lerefuge-soinsholistiques.be\/?page_id=74","title":{"rendered":"Soins animaliers"},"content":{"rendered":"<div class=\"wp-block-image\">\n<figure class=\"aligncenter size-large is-resized\"><img loading=\"lazy\" decoding=\"async\" width=\"849\" height=\"1024\" src=\"http:\/\/lerefuge-soinsholistiques.be\/wp-content\/uploads\/2026\/03\/Logo-Fab1-849x1024.png\" alt=\"\" class=\"wp-image-107\" style=\"aspect-ratio:0.8291178285009253;width:77px;height:auto\" srcset=\"https:\/\/lerefuge-soinsholistiques.be\/wp-content\/uploads\/2026\/03\/Logo-Fab1-849x1024.png 849w, https:\/\/lerefuge-soinsholistiques.be\/wp-content\/uploads\/2026\/03\/Logo-Fab1-249x300.png 249w, https:\/\/lerefuge-soinsholistiques.be\/wp-content\/uploads\/2026\/03\/Logo-Fab1-768x927.png 768w, https:\/\/lerefuge-soinsholistiques.be\/wp-content\/uploads\/2026\/03\/Logo-Fab1-1273x1536.png 1273w, https:\/\/lerefuge-soinsholistiques.be\/wp-content\/uploads\/2026\/03\/Logo-Fab1-1140x1376.png 1140w, https:\/\/lerefuge-soinsholistiques.be\/wp-content\/uploads\/2026\/03\/Logo-Fab1.png 1523w\" sizes=\"auto, (max-width: 849px) 100vw, 849px\" \/><\/figure>\n<\/div>\n\n\n<p>Les animaux, au m\u00eame titre que les \u00eatres humains, sont des \u00eatres sensibles qui peuvent ressentir du stress, des blocages structurels, des \u00e9motions ou des d\u00e9s\u00e9quilibres \u00e9nerg\u00e9tiques.<\/p>\n\n\n\n<p>Les soins \u00e9nerg\u00e9tiques animaliers que je propose se font dans le respect de l&#8217;animal et en douceur. Ils peuvent permettre d\u2019<strong>apaiser<\/strong>, de <strong>r\u00e9\u00e9quilibrer<\/strong> et de <strong>soutenir <\/strong>votre compagnon dans son bien-\u00eatre global, au travers d&#8217;une s\u00e9ance en pr\u00e9sentiel ou \u00e0 distance.<\/p>\n\n\n\n<p>\ud83d\udc49 Ils peuvent \u00eatre b\u00e9n\u00e9fiques en cas de :<\/p>\n\n\n\n<ul class=\"wp-block-list\">\n<li>stress ou anxi\u00e9t\u00e9<\/li>\n\n\n\n<li>changements de comportement<\/li>\n\n\n\n<li>fatigue ou baisse d\u2019\u00e9nergie<\/li>\n\n\n\n<li>douleurs<\/li>\n\n\n\n<li>p\u00e9riodes de transition (d\u00e9m\u00e9nagement, arriv\u00e9e d\u2019un nouvel animal\u2026)<\/li>\n<\/ul>\n\n\n\n<p><\/p>\n\n\n\n<p style=\"font-size:32px\">D\u00e9roulement d&#8217;une s\u00e9ance <\/p>\n\n\n\n<p>\ud83d\udc34Les soins \u00e9nerg\u00e9tiques animaliers se d\u00e9roulent en deux temps :<\/p>\n\n\n\n<ul class=\"wp-block-list\">\n<li><strong>Mise en relation\/communication avec votre animal<\/strong>. En effet, il peut transmettre des informations vari\u00e9es qui peuvent \u00eatre des besoins, des frustrations, des attentes, des \u00e9motions ou des pans de leur histoire. Ces informations vous sont donn\u00e9es en temps r\u00e9el. <\/li>\n\n\n\n<li><strong>Un soin physique<\/strong> qui \u00e9coute les demandes ou l&#8217;\u00e9nergie de votre animal tout en travaillant sur les plans physique, \u00e9nerg\u00e9tique et \u00e9motionnel.<\/li>\n<\/ul>\n\n\n\n<p>Les soins peuvent aussi \u00eatre r\u00e9alis\u00e9s \u00e0 distance, ce qui permet d\u2019intervenir sans perturber l\u2019animal dans son environnement, ou quand il est trop complexe de se d\u00e9placer. <\/p>\n\n\n\n<p><\/p>\n\n\n\n<p style=\"font-size:32px\">Infos pratiques<\/p>\n\n\n\n<p><strong>Dur\u00e9e <\/strong>: 30-45\u2019.<\/p>\n\n\n\n<p><strong>Prix <\/strong>: 60\u20ac + frais de d\u00e9placement. <\/p>\n\n\n\n<p><\/p>\n\n\n\n<p><\/p>\n\n\n\n<div class=\"wp-block-buttons has-custom-font-size has-small-font-size is-content-justification-center is-layout-flex wp-container-core-buttons-is-layout-a89b3969 wp-block-buttons-is-layout-flex\" style=\"text-transform:uppercase\">\n<div class=\"wp-block-button is-style-outline is-style-outline--1\"><a class=\"wp-block-button__link has-text-color has-link-color wp-element-button\" href=\"https:\/\/wa.me\/32498657657?text=Bonjour%20je%20souhaite%20prendre%20rendez-vous\" style=\"color:#ee3e2c;font-style:normal;font-weight:100\">Je prends rendez-vous<\/a><\/div>\n<\/div>\n\n\n\n<p><\/p>\n","protected":false},"excerpt":{"rendered":"<p>Les animaux, au m\u00eame titre que les \u00eatres humains, sont des \u00eatres sensibles qui peuvent ressentir du stress, des blocages structurels, des \u00e9motions ou des d\u00e9s\u00e9quilibres \u00e9nerg\u00e9tiques. Les soins \u00e9nerg\u00e9tiques animaliers que je propose se font dans le respect de l&#8217;animal et en douceur. Ils peuvent permettre d\u2019apaiser, de r\u00e9\u00e9quilibrer et de soutenir votre compagnon dans son bien-\u00eatre global, au travers d&#8217;une s\u00e9ance en pr\u00e9sentiel ou \u00e0 distance. \ud83d\udc49 Ils peuvent \u00eatre b\u00e9n\u00e9fiques en cas de : D\u00e9roulement d&#8217;une s\u00e9ance \ud83d\udc34Les soins \u00e9nerg\u00e9tiques animaliers se d\u00e9roulent en deux temps : Les soins peuvent aussi \u00eatre r\u00e9alis\u00e9s \u00e0 distance, ce qui permet d\u2019intervenir sans perturber l\u2019animal dans son environnement, ou quand il est trop complexe de se d\u00e9placer. Infos pratiques Dur\u00e9e : 30-45\u2019. Prix : 60\u20ac + frais de d\u00e9placement.<\/p>\n","protected":false},"author":1,"featured_media":0,"parent":0,"menu_order":0,"comment_status":"closed","ping_status":"closed","template":"","meta":{"footnotes":""},"class_list":["post-74","page","type-page","status-publish","hentry"],"_links":{"self":[{"href":"https:\/\/lerefuge-soinsholistiques.be\/index.php?rest_route=\/wp\/v2\/pages\/74","targetHints":{"allow":["GET"]}}],"collection":[{"href":"https:\/\/lerefuge-soinsholistiques.be\/index.php?rest_route=\/wp\/v2\/pages"}],"about":[{"href":"https:\/\/lerefuge-soinsholistiques.be\/index.php?rest_route=\/wp\/v2\/types\/page"}],"author":[{"embeddable":true,"href":"https:\/\/lerefuge-soinsholistiques.be\/index.php?rest_route=\/wp\/v2\/users\/1"}],"replies":[{"embeddable":true,"href":"https:\/\/lerefuge-soinsholistiques.be\/index.php?rest_route=%2Fwp%2Fv2%2Fcomments&post=74"}],"version-history":[{"count":19,"href":"https:\/\/lerefuge-soinsholistiques.be\/index.php?rest_route=\/wp\/v2\/pages\/74\/revisions"}],"predecessor-version":[{"id":507,"href":"https:\/\/lerefuge-soinsholistiques.be\/index.php?rest_route=\/wp\/v2\/pages\/74\/revisions\/507"}],"wp:attachment":[{"href":"https:\/\/lerefuge-soinsholistiques.be\/index.php?rest_route=%2Fwp%2Fv2%2Fmedia&parent=74"}],"curies":[{"name":"wp","href":"https:\/\/api.w.org\/{rel}","templated":true}]}}